 - 631600. Is w composite?
True
Let r(y) = 51985*y**2 - 5*y - 7. Is r(2) composite?
False
Let i(u) = u**3 + 11*u**2 + u + 17. Let r = -53 - -42. Let g be i(r). Let v(d) = 2*d**3 - 7*d**2 - 9*d + 13. Is v(g) a composite number?
False
Let p(j) = j + 2. Let b be p(1). Suppose b*m - 170 = -4*i, 5*m - 228 = 3*i + 65. Is m*27/10 - (-2)/5 composite?
False
Suppose 84*o + 42*o - 2175648 = 8151438. Is o a composite number?
True
Let t(z) = -z**3 + 11*z**2 - 4*z + 14. Let x(y) = -y**3 + 10*y**2 - 5*y + 15. Let b(d) = 6*t(d) - 5*x(d). Let m be (20 - 5) + 1 + -2. Is b(m) composite?
True
Suppose -19976 = -116*y + 54380. Is y composite?
False
Let x(q) = 22292*q**2 + 66*q - 241. Is x(4) composite?
True
Let g = -54088 + 109877. Is g a composite number?
True
Let v(r) = 2*r**2 + 24*r - 25. Suppose 5*s - 4*l = -106, 4*s - 4*l + 85 + 3 = 0. Is v(s) composite?
False
Let s be (-22)/(-4) + 3/6. Suppose p - 18525 = 4*k + 2*p, 0 = 4*p - 12. Is k/(-9) + 2/s a composite number?
True
Suppose 211867970 = 172*s - 35473706. Is s prime?
True
Is (5 + 14/(-3))/(10006680/1429524 - 7) a prime number?
True
Suppose 10 = 3*p + 2*p. Let h(q) = -22*q**2 - 11*q + 25*q**p + 22 - 9*q. Is h(9) a prime number?
False
Suppose 2*t - 45 = -b, t + 292 - 45 = 5*b. Suppose 5*i + 185 = 5*s, 3*i = -s + b - 20. Is 2335/s - 8/(-28) composite?
False
Let z(n) = 3014*n**2 - 3. Let w(u) = 3013*u**2 - 4. Let h(b) = -4*w(b) + 5*z(b). Is h(1) a composite number?
False
Let g be 23/((-3)/(-891)*1). Suppose -3*z - g = -65532. Is z prime?
False
Let d be 2532 + -2*2/4. Suppose 3352 + 6457 = 65*s - 15931. Let r = s + d. Is r a composite number?
False
Suppose 5*x - 12 + 2 = 0. Let n(o) = 3*o**2 - 43*o - 195. Let d be n(-16). Suppose -x*j + 1466 = s - d, 3*j + 4*s = 4103. Is j a prime number?
True
Suppose 0 = -2*t + 5*q + 247343, -5*q + 339727 = 5*t - 278683. Is t prime?
False
Suppose 0 = 36*h - 41*h. Suppose -2*z + 3185 + 683 = h. Is z prime?
False
Suppose 12*m - 9*m = 20*m - 3240217. Is m composite?
True
Is 2/(2/129)*2/((-54)/(-44721)) composite?
True
Suppose 9*q + 0 - 36 = 0. Suppose q*a - 5*t - 2215 = 5729, -4*a - t = -7920. Is a prime?
False
Let h(s) = 4*s + 1. Let y be h(3). Let k = y - -106. Let m = 228 - k. Is m a composite number?
False
Let t(w) = -w**3 + 15*w**2 + 3*w + 24. Suppose 4*z + 44 = 4*l - z, 0 = z. Is t(l) prime?
True
Let c(r) = 2*r**2 - 4*r - 14. Let o be c(5). Suppose 0 = -n - 7*n + o. Let a = 93 - n. Is a a composite number?
True
Let v be 107/2*(15 + 73). Let n = v - 2434. Suppose -11*o = -8*o - n. Is o prime?
False
Suppose -3*k - 564 = -3666. Suppose 5*h + 2585 = 5*u, 4*u + 4*h = 6*u - k. Is u a prime number?
False
Suppose 0*d = -2*d - 2. Let n be (6/4)/((-6)/(-180)). Is (n/(-18))/(d/466) composite?
True
Suppose -1411*r = -1414*r + 3, -3*g + 5*r + 63628 = 0. Is g a prime number?
True
Is 6 - (-143)/(-26)*-8746 a composite number?
False
Suppose 4*t - 4*a - 56 = 0, 3*t - 2*a = 67 - 22. Suppose 3*k - t = 37. Suppose -19*z + k*z = -781. Is z prime?
False
Suppose 11171212 = -512*y + 564*y. Is y prime?
True
Let v be -18*(-2)/8*4/6. Suppose 0 = -3*w - v + 12, 2*k + 2*w - 18 = 0. Suppose 2*p = k*o - o + 4656, 5*p - o = 11663. Is p composite?
False
Suppose 82 = 16*b + 114. Is (5 - (b + 6))*211 composite?
False
Let p(b) = 123*b**2 - 6*b + 13. Is p(7) prime?
False
Suppose -3*k + 13 = -23. Let n be k/(-8) + 1/2. Is (-14176)/(-20) - n/5 a composite number?
False
Suppose -2*f + 17 = 3*t, -7 = -5*t - 3*f + 20. Suppose -t*l - 3470 = -5*j, -l + 4*l = 0. Is j a prime number?
False
Suppose -25*t + 144895 = -161930. Is t a prime number?
False
Suppose -2*n + 17993 = -c, -n + 9586 = c + 588. Is n prime?
False
Let z(x) = -596*x + 452671. Is z(0) a prime number?
True
Let h(o) = -o + 14. Let g be h(8). Let a be 2 - -557 - (2 - g). Suppose -1180 = -3*y + a. Is y a composite number?
True
Let z(n) = n + 7. Let s be z(-7). Suppose 25 = 5*w - s*w. Suppose -4*t - 2*l + 1539 = -1167, -w*t - 2*l = -3383. Is t prime?
True
Let p = 255305 + -145428. Is p composite?
True
Is ((-42)/6)/((-462)/3959934) a composite number?
False
Let m be 0 + -2*(-1608)/2. Suppose 4626 = -6*c - 1488. Let p = m + c. Is p a prime number?
False
Suppose 2 = a - t, -2*t - 10 = -7*t. Let f(j) = -a + 8 - 636*j - 7 - 4. Is f(-3) a prime number?
True
Let m(s) = 1098*s**2 - 25*s - 23. Is m(8) a composite number?
True
Let z(v) = -5246*v**3 + 7*v**2 + 9*v - 35. Is z(-3) prime?
False
Suppose -5*m = -4*b - 2 - 8, 2 = -4*b + m. Suppose b = -4*c - 3326 + 22. Let g = 1887 + c. Is g a composite number?
False
Let j = 27361 - 43505. Let m = -8235 - j. Is m a composite number?
True
Let r = 51 + -187. Let i = 4219 + r. Is i prime?
False
Is (-38 - -19) + 19 + (41333 - 0) a composite number?
False
Let c(s) = 3*s - 4. Let f be c(-2). Is 2/6*((-261190)/f - -2) composite?
False
Let l be (-165)/44 - 1/4. Let c be ((-128)/(-12))/l*3. Is (-5268)/c*4/3 a prime number?
False
Let a(p) = 17*p**2 - 74*p - 1. Let k be a(23). Let y = 11663 - k. Is y prime?
True
Let x = -57049 - -98990. Is x composite?
False
Suppose 4*u - 5*w - 25 = -u, 15 = -5*w. Suppose -27*q = 1232 - 23939. Suppose -p + 4*y + 303 = 0, -p - 5*y = u*p - q. Is p a prime number?
False
Suppose -31*g = -32*g - 385. Let q = g - -2378. Is q composite?
False
Let a be 1/(-5) + (-11)/((-275)/280). Let o(m) = 13 + a*m + 1404*m**3 - 17*m**2 - 1402*m**3 - 4*m. Is o(9) a prime number?
True
Let u(v) = 7290*v + 1463. Is u(7) a composite number?
True
Let o be ((-128)/(-80))/((-4)/10). Let u(z) = 1518*z**2 + 14*z + 66. Is u(o) a composite number?
True
Let o be 10 - (-2 + 1 + -1) - 0. Suppose -2*q + 4*q = 5*z - 290, 5*z - 4*q = 290. Let y = z - o. Is y composite?
True
Let f(a) = 95*a + 95333. Is f(0) prime?
False
Let o = -233 - -235. Suppose 0 = -y - o*y + 10869. Is y prime?
True
Let j be (-1 - 0)*-7*10/(-35). Let y be (19860/80)/(j + (-66)/(-32)). Is (22/6 + -1)*y/16 composite?
True
Let k(y) = 293*y**2 - 3*y - 3. Let z(w) = 4*w - 21. Let t = -45 - -50. Let n be z(t). Is k(n) a composite number?
False
Let k = -847 - -1674. Suppose 3*v - 2*v = k. Suppose -2513 = -10*a + v. Is a composite?
True
Let i be (120/96)/(-2 - (-1057)/528). Let a(k) = -i*k**3 - k + 7*k**2 - k - 2 - 4*k**2 - 4*k**2. Is a(-1) a composite number?
False
Let a(c) = -939*c**3 - 11*c**2 - 10*c + 16. Let b(l) = 188*l**3 + 2*l**2 + 2*l - 3. Let k(s) = 2*a(s) + 11*b(s). Is k(1) prime?
True
Suppose 249632 = 5*y - 4*g + 52279, 78946 = 2*y - 4*g. Is y composite?
True
Let i = -87760 + 193959. Suppose -27*r = -10*r - i. Is r composite?
False
Suppose -793883 = -48*i + 736501. Is i a composite number?
False
Let x = -79 + 99. Suppose x*b - 117476 = 25464. Is b composite?
True
Let q be (72/(-15))/(-2*3/30). Suppose 21*j - 4170 = q*j. Let z = 241 - j. Is z prime?
False
Let f(x) be the third derivative of 19*x**5/30 - 13*x**4/24 + x**3/6 - 4*x**2 + 44. Let y be (10 + -2)/1 + -2. Is f(y) composite?
False
Let v(g) = g**2 + 18*g + 6. Let o be (5 - -4) + -5 + -10. Let h be 6*(-22)/o*-1. Is v(h) prime?
False
Suppose 0 = -2*d - 2 + 6. Suppose 2*b + 7*l = 2*l, d*l = 2*b - 14. Suppose b*n = -2*x + 798, -3*n = 2*x + 2*x - 1624. Is x a prime number?
True
Let n be 0 - 2/(-15) - (-464)/120. Suppose 4*d = -q + 13637, 2*q + 7*d - 27289 = n*d. Is q prime?
True
Let c(i) = -7*i**2 - 13*i - 3. Let g be c(14). Let l = g - -3028. Is l a prime number?
True
Let c = 4218 - -12301. Is c composite?
False
Suppose -t - 235 = 4*z, -t = t + 4*z + 470. Let f = t - -1992. Is f a prime number?
False
Suppose 0 = 4*l + 2*j + 2*j - 92, l + 4*j - 32 = 0. Is l/190 - (-173867)/19 a prime number?
True
Suppose 67*t - 64*t - 18 = 0. Suppose 10630 = t*p - 19742. Is p composite?
True
Let d be (2 - 2)*(-5)/15. Suppose -5*v - 5 = d, -5*s + 4*v + 7602 = -3*s. Is s composite?
True
Let z(p) = -p**3 - 19*p**2 - 4*p - 46. Let o be z(-19). Let d = o + -56. Let s = d - -237. Is s a composite number?
False
Suppose 32*o - 48*o + 237655 + 32217 = 0. Is o prime?
False
Let c(u) be the third derivative of -37/8*u**4 + 0 - 17/3*u**3 + 0*u + 7*u**2. Is c(-5) a prime number?
True
Suppose -4*d + 5*l + 113115 = -299333, 5*l = 2*d - 206214. Is d a prime number?
False
Suppose 592*p - 1059181414 = -81993654. Is p a prime number?
False
Let z(x) = 2*x**3 + 11*x**2 + 8*x + 19. Let j be z(-5). Suppose 67*m - 71*m + v + 77490 = 0, j*m = -3*v + 77498.